72924858?
4
What is the hundreds digit of 28898895?
8
What is the units digit of 1436538792?
2
What is the thousands digit of 4257135928?
5
What is the thousands digit of 121400937?
0
What is the hundreds digit of 5319706551?
5
What is the hundred thousands digit of 50122554?
1
What is the millions digit of 15470180?
5
What is the hundred thousands digit of 614341313?
3
What is the hundred thousands digit of 914962961?
9
What is the units digit of 1996679851?
1
What is the ten millions digit of 212883846?
1
What is the units digit of 238123701?
1
What is the units digit of 1658331979?
9
What is the units digit of 7207735?
5
What is the units digit of 1906668502?
2
What is the hundred thousands digit of 1968158725?
1
What is the units digit of 271940239?
9
What is the hundreds digit of 919985986?
9
What is the thousands digit of 4394880?
4
What is the hundred thousands digit of 102393435?
3
What is the hundred millions digit of 1009107632?
0
What is the hundreds digit of 3032711947?
9
What is the hundred millions digit of 1828231469?
8
What is the ten thousands digit of 18900957?
0
What is the hundreds digit of 15208065?
0
What is the ten millions digit of 28528294?
2
What is the thousands digit of 28589456?
9
What is the thousands digit of 1873917675?
7
What is the ten millions digit of 62812188?
6
What is the units digit of 907837160?
0
What is the ten thousands digit of 95019451?
1
What is the ten thousands digit of 5423212?
2
What is the thousands digit of 178265216?
5
What is the ten millions digit of 3231356108?
3
What is the units digit of 7191914?
4
What is the units digit of 7477754235?
5
What is the ten thousands digit of 103164751?
6
What is the ten thousands digit of 22578028?
7
What is the units digit of 34604073?
3
What is the units digit of 1217584885?
5
What is the hundreds digit of 3161004873?
8
What is the ten millions digit of 33679247?
3
What is the tens digit of 6003426?
2
What is the billions digit of 3008193423?
3
What is the hundred millions digit of 356494007?
3
What is the ten millions digit of 256330063?
5
What is the thousands digit of 76734215?
4
What is the hundreds digit of 845807899?
8
What is the hundred millions digit of 2371870757?
3
What is the ten millions digit of 51247197?
5
What is the ten millions digit of 72857002?
7
What is the tens digit of 202919375?
7
What is the hundreds digit of 972320505?
5
What is the ten millions digit of 40372068?
4
What is the hundreds digit of 441428563?
5
What is the thousands digit of 206823586?
3
What is the thousands digit of 46271525?
1
What is the tens digit of 59087451?
5
What is the hundreds digit of 59768881?
8
What is the tens digit of 128927014?
1
What is the billions digit of 5679483112?
5
What is the ten thousands digit of 309963237?
6
What is the ten thousands digit of 271371072?
7
What is the millions digit of 735280436?
5
What is the ten millions digit of 4699264129?
9
What is the hundreds digit of 66783083?
0
What is the units digit of 2082033394?
4
What is the ten millions digit of 35764359?
3
What is the hundred thousands digit of 61673932?
6
What is the hundreds digit of 147660014?
0
What is the ten millions digit of 125101830?
2
What is the ten thousands digit of 242513352?
1
What is the ten millions digit of 17517357?
1
What is the millions digit of 39064194?
9
What is the hundred thousands digit of 17426303?
4
What is the thousands digit of 498105074?
5
What is the hundred millions digit of 492072007?
4
What is the hundreds digit of 9760850?
8
What is the units digit of 31737298?
8
What is the units digit of 1083357?
7
What is the units digit of 83017814?
4
What is the ten millions digit of 81920584?
8
What is the units digit of 57516722?
2
What is the ten thousands digit of 813404874?
0
What is the hundred millions digit of 440875154?
4
What is the units digit of 206763769?
9
What is the ten thousands digit of 3327718358?
1
What is the thousands digit of 30448708?
8
What is the ten thousands digit of 310586703?
8
What is the ten thousands digit of 26174109?
7
What is the ten millions digit of 499414353?
9
What is the thousands digit of 64236023?
6
What is the millions digit of 17436272?
7
What is the thousands digit of 1870246099?
6
What is the ten millions digit of 90192525?
9
What is the hundreds digit of 2541481817?
8
What is the ten thousands digit of 760795799?
9
What is the hundred thousands digit of 325345575?
3
What is the units digit of 709989597?
7
What is the hundred millions digit of 416988423?
4
What is the ten millions digit of 374723010?
7
What is the hundred thousands digit of 38611247?
6
What is the ten thousands digit of 272455044?
5
What is the tens digit of 45497860?
6
What is the hundred millions digit of 3495162951?
4
What is the ten millions digit of 508981157?
0
What is the units digit of 7259047?
7
What is the thousands digit of 90217655?
7
What is the ten thousands digit of 59859020?
5
What is the thousands digit of 118723122?
3
What is the ten thousands digit of 332016575?
1
What is the hundred thousands digit of 54173593?
1
What is the ten thousands digit of 218802545?
0
What is the millions digit of 243149884?
3
What is the billions digit of 2003511518?
2
What is the billions digit of 1084800648?
1
What is the hundred thousands digit of 422321738?
3
What is the ten millions digit of 3036971728?
3
What is the millions digit of 4476349661?
6
What is the tens digit of 224006977?
7
What is the hundred millions digit of 344094875?
3
What is the units digit of 333597399?
9
What is the millions digit of 503879193?
3
What is the hundred millions digit of 133073316?
1
What is the units digit of 72537759?
9
What is the tens digit of 98697002?
0
What is the units digit of 7120104?
4
What is the ten thousands digit of 774570751?
7
What is the ten thousands digit of 1047607402?
0
What is the hundreds digit of 312034671?
6
What is the thousands digit of 235587346?
7
What is the tens digit of 22222966?
6
What is the hundred millions digit of 3849459089?
8
What is the units digit of 815677319?
9
What is the thousands digit of 273740668?
0
What is the hundreds digit of 85736008?
0
What is the hundred thousands digit of 2672454167?
4
What is the hundred millions digit of 1787652209?
7
What is the hundreds digit of 388392626?
6
What is the hundreds digit of 1514072331?
3
What is the ten thousands digit of 270072271?
7
What is the thousands digit of 36227352?
7
What is the hundred thousands digit of 10512354?
5
What is the ten thousands digit of 2635983240?
8
What is the ten millions digit of 582496084?
8
What is the hundreds digit of 32169212?
2
What is the hundred thousands digit of 834432102?
4
What is the millions digit of 27275819?
7
What is the thousands digit of 1191761404?
1
What is the ten millions digit of 119200343?
1
What is the ten thousands digit of 3482271545?
7
What is the billions digit of 2584275654?
2
What is the thousands digit of 3152757748?
7
What is the ten millions digit of 1580492656?
8
What is the thousands digit of 8091309862?
9
What is the ten millions digit of 2300551461?
0
What is the ten millions digit of 128329560?
2
What is the ten thousands digit of 1471359136?
5
What is the units digit of 1236775308?
8
What is the tens digit of 232153404?
0
What is the thousands digit of 48464078?
4
What is the millions digit of 753310719?
3
What is the thousands digit of 43844152?
4
What is the hundred thousands digit of 3434669087?
6
What is the hundred millions digit of 418575783?
4
What is the ten thousands digit of 19433171?
3
What is the thousands digit of 27963182?
3
What is the hundreds digit of 75752868?
8
What is the hundred thousands digit of 149943067?
9
What is the ten millions digit of 666355071?
6
What is the ten thousands digit of 141449684?
4
What is the hundred millions digit of 117949466?
1
What is the thousands digit of 4439672818?
2
What is the ten thousands digit of 2227165401?
6
What is the ten thousands digit of 22646903?
4
What is the hundred millions digit of 258259112?
2
What is the hundreds digit of 763056314?
3
What is the billions digit of 2409882941?
2
What is the billions digit of 4529033740?
4
What is the thousands digit of 121403293?
3
What is the ten millions digit of 3206235319?
0
Wha